List the prime factors of 1 - (-4566)/18 - v/3.
2, 127
Let r(l) = l**3 + 6*l**2 + 10. Let q be r(-6). Let u(i) = i**3 - 9*i**2 - i - 11. Let y be u(q). Let v = y + -67. List the prime factors of v.
2, 3
Suppose d + 31 + 9 = 3*m, d + 55 = 4*m. List the prime factors of (12 - m)*(-122)/3.
2, 61
Let o = -3 + 15. What are the prime factors of (-6)/o - ((-395)/(-2))/(-1)?
197
Let b(u) be the third derivative of 0 - 1/6*u**4 - u**3 - 10*u**2 + 0*u. What are the prime factors of b(-18)?
2, 3, 11
Let c(g) be the second derivative of 3*g**5/4 + 2*g**4/3 - g**3 + 9*g**2/2 - 49*g + 1. List the prime factors of c(3).
2, 3, 13
Let f(z) = -77*z**3 + 2*z - 1. Let h be f(2). Let s = -235 - h. List the prime factors of s.
2, 3, 7
Suppose -s + 4*i - 6 = i, 5*i - 21 = -2*s. Suppose 7*f - 4*c + 15 = 6*f, 0 = -s*f - 3*c + 15. What are the prime factors of f/(-2) - (-2 - (-123)/(-6))?
2, 11
Suppose -34 - 30 = -16*x. Suppose -9*m + 1340 = -x*m. Suppose 2*j + m = c, -2*c = -0*c + j - 551. What are the prime factors of c?
2, 137
Let x(d) = 181*d**2 + 653*d + 10. What are the prime factors of x(5)?
2, 3, 5, 13
Let n(o) = -3*o**3 - 2*o**2 + 1. Let g be n(-1). Let u be 4*(1 - (g + -2)). Suppose -259 = -u*f + 29. What are the prime factors of f?
2, 3
Suppose -2*t - 30 = -5*t. Suppose 0 = -p + 5*q + t, 2*p - 2*q + 24 = 3*p. List the prime factors of (((-475)/p)/(-5))/(2/8).
19
Suppose w - 2 - 18 = 0. Let d(y) = 14 - 5*y**2 + w*y + 2*y**2 + 0*y**2 + 2*y**2. List the prime factors of d(13).
3, 5, 7
Suppose -5*k - t + 32699 = 0, -26*k - 13098 = -28*k - 5*t. List the prime factors of k.
13, 503
Suppose -35*c + 2*v = -30*c - 75743, v - 1 = 0. What are the prime factors of c?
15149
Let c = -36 - -33. What are the prime factors of (c/(-3))/((-1)/(-151))?
151
Suppose 2*j + 8 = 6*j. Suppose -3*f - 25 = 2*f, 3*f = j*c - 2003. List the prime factors of c.
2, 7, 71
Suppose -3*z + 65 - 20 = 3*b, 75 = 5*z + 3*b. List the prime factors of (1982/10)/(-15*z/(-1125)).
991
Let y = 95757 + -51644. What are the prime factors of y?
31, 1423
Let m(b) = -b**3 - 24*b**2 + 6*b - 57. Let w be m(-25). Let s = 630 - w. What are the prime factors of s?
2, 53
Let b(g) = -g**2 + 2*g. Let n = -18 - -21. Let z be b(n). Let k(p) = -8*p**3 - 2*p**2 + 4*p + 1. What are the prime factors of k(z)?
11, 17
Let u(h) = 20957*h**3 - h**2 - 5*h + 5. List the prime factors of u(1).
2, 13, 31
Suppose -23*f + 30*f - 7430 = 30356. What are the prime factors of f?
2, 2699
Suppose -2*x - 4 = -0*b - 2*b, 2*b - 10 = 0. Let i be (-200)/(-2) - (1 - -2 - 2). Suppose -3*u = -2*n - 2*u + i, 116 = x*n + 5*u. List the prime factors of n.
47
Suppose -20*l + 2*l = -41*l + 1419928. List the prime factors of l.
2, 7717
Suppose -4371 = -34*t + 31*t. Suppose 12*p = 9353 - t. List the prime factors of p.
2, 7, 47
Let z(g) be the second derivative of 62*g**3/3 + 5*g**2/2 - 47*g. Let d be 35/14*(-4)/(-10). What are the prime factors of z(d)?
3, 43
Let s(t) be the second derivative of -31*t**3/2 - 53*t**2/2 - 9*t - 10. What are the prime factors of s(-2)?
7, 19
Suppose 12*u + 5 = -3343. Let y = 419 + u. List the prime factors of y.
2, 5, 7
Let z be 22/(1 - 3/5). Suppose -2 - 10 = -4*m. What are the prime factors of 407/z + m/5?
2
Let x = -409 - -429. Suppose -13*z - 2450 = -x*z. List the prime factors of z.
2, 5, 7
Let w(z) = -210*z - 2649. What are the prime factors of w(-41)?
3, 1987
Let b(m) = -14*m + 4*m**2 - 30 + 6*m**2 + 0*m**2. What are the prime factors of b(-3)?
2, 3, 17
Let s(m) = 2*m**2 - 16. Let u = 164 + -169. List the prime factors of s(u).
2, 17
Let f(n) = 283*n - 1070. List the prime factors of f(64).
2, 8521
Suppose -25*b - 203 - 1227 = -3*b. Let k = 3 - 38. Let y = k - b. What are the prime factors of y?
2, 3, 5
Suppose 3*z = 2 + 1. Let c be (1 - 2 - z)/1. Let k(a) = -5*a**3 + 3*a**2 + 2*a - 2. What are the prime factors of k(c)?
2, 23
Suppose 26*w - 647 - 653 = 0. What are the prime factors of 2559/5 - (-10)/w?
2
Let r be (21/9 + 1)*(-7 + 10). What are the prime factors of 4 - (25/r)/(5/(-3150))?
1579
Let w(j) = j**3 + 2*j**2 - 12*j - 28. What are the prime factors of w(11)?
3, 157
Suppose -372 = -2*y - 2*y - 2*f, 0 = 3*y - f - 284. Let s = y + -100. List the prime factors of (-1736)/(-30) + s/(-45).
2, 29
Let n(o) = 11*o**3 - 2*o**2 + 16*o + 27. Let p be n(9). Suppose 91*r - p = 82*r. List the prime factors of r.
2, 223
Let r(l) = 139*l**2 + 5*l - 2. Let i(b) = 138*b**2 + 5*b - 2. Let y(x) = -3*i(x) + 4*r(x). List the prime factors of y(-2).
2, 139
Let s(p) = p**2 + 8*p - 98. Let k = 351 + -323. List the prime factors of s(k).
2, 5, 7, 13
Let n be ((-4)/2 - -1) + 3. Let a be -3*n/(-2) - 1. Suppose -a*i = -31 - 97. What are the prime factors of i?
2
Suppose -7644 = -2*c + 5*v, -9*c + 5*v + 19065 = -4*c. What are the prime factors of c?
3, 47
Suppose -m - 2*v - v = -4728, 5*m = 2*v + 23725. Suppose 1285 + m = 11*a. List the prime factors of a.
2, 137
Suppose 15*a - 78*a + 69985 = -208853. What are the prime factors of a?
2, 2213
Let u(v) = 4*v**2 + 66*v - 141. What are the prime factors of u(-29)?
7, 11, 17
Let r = 380 + -164. Let q be (2/4)/(6/r). Suppose 0 = x + 5*z - q - 20, -4*x = 3*z - 169. List the prime factors of x.
43
Suppose -97*o + 61*o + 238680 = 0. List the prime factors of o.
2, 3, 5, 13, 17
Let c = -6155 + 13618. What are the prime factors of c?
17, 439
Let j be 2/(-6)*(4 - 28)/1. Suppose 1063 = j*b - 849. List the prime factors of b.
239
Suppose 0*v - 208 = -2*y + 2*v, 0 = 2*v. Suppose -4*c + 5*g - y = g, -2*c - 48 = -g. What are the prime factors of (1/(-3))/(c/858)?
13
Suppose -4*u - 5*b = -153138, -205*u + 3*b - 191403 = -210*u. What are the prime factors of u?
3, 4253
Let k(q) = 58*q**2 + 17*q + 6. Let h be k(-4). Let c = h - 518. List the prime factors of c.
2, 3, 29
Suppose 0 = 15*x + 17 - 92. Let k(u) be the second derivative of 7*u**4/12 - u**3/6 + 7*u**2/2 - 9*u. What are the prime factors of k(x)?
3, 59
Let q(i) = 2*i**3 - 120*i**2 + 57*i + 41. What are the prime factors of q(60)?
3461
Let l(d) = -d**2 + 14*d - 15. Let z be l(4). Suppose 0 = -z*s + 14018 + 3132. What are the prime factors of s?
2, 7
Let k be (1 - 3) + 7/((-28)/(-8000)). Suppose 0 = -10*r + 5868 - k. What are the prime factors of r?
3, 43
Suppose 0 = -7*x + 15065 + 9547. Let u be (-5)/(-40) - x/(-32). Let l = -31 + u. What are the prime factors of l?
79
Let q = 31 + -43. Let l(r) = -99*r + 29. List the prime factors of l(q).
1217
List the prime factors of (54048/32)/(6/(-8)*8/(-20)).
2, 5, 563
Let q = -42 - -39. Let z be (72 - q) + 6 + -3. Let i = z + -20. List the prime factors of i.
2, 29
Suppose -8*s + 10*s = 10. Suppose -4*i + 28 = -l + 222, -s*i + 427 = 2*l. What are the prime factors of l?
2, 103
Suppose 0 = -g + 1, 5*f - 4*g - 70 - 61 = 0. Suppose -22*j - 1335 = -f*j. What are the prime factors of j?
3, 89
Suppose -5*m - 48 = -11*m. Suppose 657 = m*h + 89. Let f = h - -32. List the prime factors of f.
103
Suppose -i - l - 166 = -6*i, 4*l = i - 37. Let h = -31 + i. Suppose 2 = y - h. List the prime factors of y.
2
Let g be (-3 + 1 + 0)*63. Let y be (-19124)/g + (0 - 4/(-18)). Suppose q - y = -2*o + 2*q, -q - 302 = -4*o. What are the prime factors of o?
3, 5
Let t(c) = -8*c + 250. Let l be t(-18). Let y = l + -128. List the prime factors of y.
2, 7, 19
Suppose 0 = 17*b - 13*b - 320. Suppose 2*y - 4*q - 3040 = 0, 83*q + 3041 = 2*y + b*q. What are the prime factors of y?
2, 761
Let z be (-7)/(2/(-8) - 0). Suppose -5*f = z - 53. Suppose 0*v = v + f*y - 52, 5*v + 3*y - 216 = 0. List the prime factors of v.
2, 3, 7
Let o be (3/2)/(29/58). Suppose -4*i + m + 3997 = 0, 2*i + 5*m - o*m - 1986 = 0. What are the prime factors of i?
2, 499
Let k = 198 - 194. Suppose -v = o - 711, -2*v + 1418 = -k*o + 2*o. List the prime factors of v.
2, 5, 71
Let i(z) = -274*z**3 - 4*z**2 - 36*z + 46. What are the prime factors of i(-6)?
2, 149, 199
Suppose -38*m - 79466 = 12912. Let j = -619 - m. What are the prime factors of j?
2, 3, 151
Let n(r) = 3*r**3 - 100*r**2 - 257*r + 20. What are the prime factors of n(36)?
2, 71
Let y be ((-2)/4)/((-3)/30). Suppose y*z + 70 = p - 0*p, -2*z = p - 63. List the prime factors of (104/p)/(2/75).
2, 3, 5
List the prime factors of (-1)/2*(-84846 + -84).
3, 5, 19, 149
Let z(h) be the first derivative of -h**4/2 +